et j = -13 + y. What is the units digit of j?
5
Suppose -56 = -4*w - 0*w. Suppose 0 = -4*z + w + 6. Suppose -2*c = k - z*c - 4, -k - 3*c = 2. What is the units digit of k?
1
Let r(k) = 2*k**2 - 32*k + 24. What is the units digit of r(17)?
8
Let u(a) = 3*a**2 + 5*a - 8. What is the units digit of u(-7)?
4
Suppose -3*i + 2 = 8. What is the tens digit of 3/i*(-738)/27?
4
Suppose -i + 0*r = 4*r - 21, 2*r = 2*i - 2. Suppose i*c - 13 - 2 = 0. What is the units digit of c?
3
Suppose 0 = -x + 3, -q + 2 + 7 = x. Suppose 16 = -m + 3*v, 18 = -4*m + 4*v - q. Let k(w) = -2*w**3 + w. What is the units digit of k(m)?
1
Suppose -4*y + 8*y + 20 = 0, 0 = -2*k + 3*y + 205. What is the tens digit of k?
9
Let r(x) = -8*x**3 + 2*x**2 + 6. Let v(j) = -8*j**3 + 2*j**2 + 5. Let d(s) = 6*r(s) - 7*v(s). Suppose 5*u - 8 = -3. What is the units digit of d(u)?
7
Let f(u) = -44*u**3 + u**2 + u + 1. Let h be f(-1). Suppose -k = -3*a - 23 - 7, 3*a = -4*k + h. What is the tens digit of k?
1
What is the tens digit of ((-149)/(-1))/(7 + -6)?
4
What is the tens digit of 26 - (-3)/(3/4)?
3
Suppose 2*q + 18 = -32. Let o = q + 46. Suppose 0*f = -f - 3*i + 6, -2*f - 3*i = -o. What is the tens digit of f?
1
Let w(m) = -m**2 + 3*m + 1. Let z be w(5). What is the units digit of (8/3)/((-3)/z)?
8
Let j(r) = r**3 - 7*r**2 - 5*r + 10. What is the tens digit of j(9)?
2
Suppose -j = -5*j - 8. What is the units digit of (j - -1)/((-4)/36)?
9
Let j(s) = 3*s**2 + 7*s - 16. What is the hundreds digit of j(6)?
1
Let d(b) = -14*b + 8. What is the units digit of d(-3)?
0
Let a = 2 - -3. Suppose 9 = -a*b + 2*b. Let k = 5 + b. What is the units digit of k?
2
Let d = 4 - 1. Let v(g) = 4 - g**2 - 3*g**d - 4 + 16*g**3. What is the tens digit of v(1)?
1
Let m(g) = -4*g + 16 - 7 + g + 2*g. Suppose -3*o - 11 = -2*w, 5*w = 6*o - o + 30. What is the units digit of m(w)?
2
Let v(x) = -3*x**2 - 13*x - 4. Let j be v(-4). Suppose -5*k + 32 + 23 = -2*c, -5*k + c + 55 = j. What is the tens digit of k?
1
Let i = 3 - 5. What is the units digit of i/9 + 146/9?
6
Suppose -4*g - 3*o = -132, 0 = -g - 5*o + 10 + 23. What is the tens digit of g?
3
Let s(l) = 21*l**3 - 2*l**2 + 2*l - 1. Let v = 3 + -2. Let b be s(v). Suppose p + 4 = 0, -2*p = -g + p + b. What is the units digit of g?
8
Let a(o) be the second derivative of o**3/3 - 3*o**2 + 3*o. What is the units digit of a(9)?
2
Suppose 0 = -5*z + 4*r + 59, 2*z - 2*r = -3 + 27. What is the units digit of z?
1
Let t be (-2)/(-4)*(-5 + 11). Suppose -4*c - c = -t*y + 18, -y - 3*c + 6 = 0. What is the units digit of y?
6
Let l(j) = j**3 + 2*j**2 - j - 3. Let z be l(-4). Let p = z + 58. What is the tens digit of p?
2
Suppose 6*q - 207 = 3*q. What is the units digit of q?
9
Let d be 10/4*(-12)/(-10). Suppose d*m + 11 = 2*m. What is the tens digit of (m/2)/(5/(-10))?
1
Let s(p) = -p**3 + 10*p**2 - 4*p + 12. What is the units digit of s(9)?
7
Suppose -3*y = p - 92, 73 + 93 = 2*p - 3*y. What is the units digit of p?
6
Let t(c) = 19*c**3 - 2*c + 1. Let s be t(1). Let v = s - 2. What is the units digit of (-4)/(v/(-6))*2?
3
Let k(a) = -a**2 + 4*a - 2. Let l be k(3). Let b = 1 + l. What is the units digit of (b/(-2))/1 + 5?
4
Let f be (-37)/(-7) - 4/14. Suppose 0 = -5*h + 10 + f, -4 = -2*w + 2*h. What is the units digit of w?
5
Let b be (-14 + 5)/((-6)/(-4)). Let f = b - -7. What is the units digit of f?
1
Suppose a - 3*a + 58 = 0. What is the tens digit of a?
2
Suppose -2*p + 4*p + 5*j + 4 = 0, 4*p - 22 = 5*j. What is the units digit of p?
3
Suppose 40 + 2 = 3*r - 4*s, -r + 4*s = -14. Let w = r - 7. Suppose w = -t + 2*t - k, 2*k = -4. What is the units digit of t?
5
Suppose -4*d + 808 = 4*h, 3*h = 2*d - 169 + 760. What is the hundreds digit of h?
1
Let k = -73 + 126. What is the tens digit of k?
5
Let c(o) = -6 + 2 + 2*o + 2 - 14. What is the units digit of c(12)?
8
Let g(b) = -b**3 - 8*b**2 + 7*b - 1. Suppose -3*h = -4*t - 2*h - 38, 4*t - 5*h + 46 = 0. Let r be g(t). Let p = -5 + r. What is the tens digit of p?
1
Let p = 19 + -23. What is the units digit of p/10 - 1536/(-40)?
8
Let v(x) = -12*x**3 + x**2 - 4*x - 2. What is the tens digit of v(-2)?
0
Let i be ((-14)/2)/(-1 + 0). Let v = i - 9. What is the units digit of -6*v/(-4) + 6?
3
Let w = -7 + 15. What is the units digit of w?
8
Suppose -6 = -0*d + 2*d. Let r(o) = o**2 + 3*o + 3. Let c be r(d). Suppose -3*t + 4*v + 24 = -t, c*t + 5*v = 3. What is the units digit of t?
6
Let j(h) = h**2 - 7*h + 4. Let m be j(6). Let k = m + 8. Let f = -2 + k. What is the units digit of f?
4
Let v = 10 + -6. What is the units digit of (14/v)/(4/8)?
7
Let n(o) = -43 + 19 + 24 - 4*o. What is the units digit of n(-2)?
8
Let y(n) = n**3 - 2*n**2 - 5*n + 6. Let d(l) = -l - 9. Let h be d(-13). What is the units digit of y(h)?
8
What is the tens digit of -225*-1*(-1)/(-3)?
7
Let s(t) = -15*t**3 + 4*t + 4. What is the tens digit of s(-2)?
1
Let z(s) = -9*s - 1. Suppose -1 = -3*y - 4. Let x be z(y). Suppose -5*i + x = -i. What is the units digit of i?
2
Suppose 0 = c - 0*c + 2*u - 64, -355 = -5*c - 3*u. Let g = c + -52. Suppose -b + g = b. What is the tens digit of b?
1
Let r(q) = q**3 - 10*q**2 - 9*q - 16. Let l(y) = -y**2 + 11. Let f be l(0). What is the units digit of r(f)?
6
Let z = 185 - 125. What is the tens digit of z?
6
Let l = -2 + 7. Let y = l - -9. What is the units digit of y?
4
Suppose 5*w - 191 = -4*y, -2*y - w + 100 = 3*w. What is the tens digit of y?
4
Suppose 686 = 7*g + 7. What is the tens digit of g?
9
Let d(p) = -p**3 + 4*p**2 + 5*p + 3. Let m be d(5). Let j = 7 - 5. Suppose -m*r = -j*r - 3. What is the units digit of r?
3
Suppose -2*l = 2*o - 20 - 216, 0 = 3*o - 5*l - 330. What is the hundreds digit of o?
1
Suppose -3*u + 838 = 5*i, -15*i - 2*u = -13*i - 332. What is the tens digit of i?
7
Let p be (4/(-6))/((-3)/9). Let g be (-1 + 2)/(p/50). Suppose -l + g = 4*l. What is the units digit of l?
5
Let i(d) = 3*d + 14. Let u be i(10). Suppose -x - u = -3*x. What is the tens digit of x?
2
Let z(g) = g**3 - 4*g**2 - 6*g + 6. Let t be z(5). Let x(l) = l**2 + 5 + t + l**2 - l**2. What is the units digit of x(0)?
6
Let a = 339 + -178. What is the hundreds digit of a?
1
What is the units digit of (-1 + -43)*(-2 + 1)?
4
Suppose -n - 10 = -6*n. Suppose n = 2*v - 3*t - 3, -5*t = -5*v + 10. Suppose 3*d - v = 2. What is the units digit of d?
1
Let b(k) = 18*k - 9. What is the hundreds digit of b(9)?
1
Suppose -3*h + 2*h + 97 = 0. Let c = h - 57. What is the units digit of c?
0
Let z = -57 + 100. Let o = -6 + z. What is the tens digit of o?
3
Suppose 207 - 67 = 7*i. What is the units digit of i?
0
Let n = 2 + 2. Let w(k) = n*k - 3*k + 0*k. What is the units digit of w(4)?
4
Suppose 0 = 3*f - s - 183, -2*s - 126 = -4*f + 2*f. Suppose -t + f = 4*t. Suppose -3*h - t = -5*h. What is the units digit of h?
6
Suppose -3*b = -9*b + 318. What is the units digit of b?
3
Let g(l) be the second derivative of 0 + 1/20*l**5 + 1/3*l**3 + 3*l + l**2 - 1/2*l**4. What is the units digit of g(6)?
4
Suppose -2*r + 16 + 34 = 2*y, 5*y + 4*r = 127. What is the units digit of y?
7
Let p be (-36)/(-8)*(-8)/(-6). What is the tens digit of p/4*(-22)/(-3)?
1
Suppose -5*c = x + 22, 2*x = 5*x + 5*c + 26. What is the units digit of 24 + (1 + -3 - x)?
4
Let d(i) = 7*i - 2. Let f be d(-2). What is the tens digit of 6/2 - (f + 3)?
1
Suppose 0 = -4*y + 3*u + 28, -6*y + y = 5*u. Suppose -56 = -2*g - 5*j, -5*j - 48 = -y*g + 4. What is the units digit of g?
8
Let v(p) = p**3 + 3*p**2 - 4*p - 1. Suppose 18 = -x + 5*k, k - 4 = 2*x + 5. What is the tens digit of v(x)?
1
Let s be (3 + 7)*(-2)/(-4). Suppose 3*b - 2 + s = 0. What is the units digit of (5 - 6)/(b*1)?
1
Suppose -3*u = -2*u + 1, 2*k = 3*u + 11. Suppose -3*l + 28 = k*l. What is the units digit of l?
4
Let s(t) = -19*t + 67. What is the hundreds digit of s(-13)?
3
Let r(t) be the first derivative of t**3/3 + 13*t**2/2 + 12*t - 1. Let h be r(-12). Suppose -5*v - 6 + 51 = h. What is the units digit of v?
9
Let q(k) be the first derivative of 3*k**2/2 - 3*k - 2. Let z be q(2). Let a = 6 - z. What is the units digit of a?
3
Let l be 458/14 - 4/(-14). Suppose l = 5*p + t, t - 27 = -p - 3*p. What is the units digit of p?
6
Suppose 5 - 19 = -2*s. What is the units digit of s?
7
Let r(s) = -6*s**2 + 6*s - 4. Suppose -3*a - 4*o - 14 +